ate r(d).
1
Suppose -2*b + 44 = 4*z + 2*b, 5*z = -2*b + 40. Let v(y) be the second derivative of y**5/20 - 7*y**4/12 + y**3 + 5*y**2/2 + y. Calculate v(z).
5
Let h = -388 + 388. Let x(l) be the third derivative of l**6/120 + l**5/60 - l**4/24 + l**3/6 - l**2. Determine x(h).
1
Let b(y) = -11 - 2 - 6*y - y**3 + 8*y**2 + y + 15*y. Give b(9).
-4
Suppose k = 2*k - 4. Let f(g) = k + 0 - 4*g - 3 + 7*g. What is f(2)?
7
Suppose -3*n + 1 = -5. Suppose -n*z + 3 = -11. Let x(k) = 1 + z*k + 4 + k**2 + 0. Calculate x(-5).
-5
Let i = 5 - 1. Suppose -i*t + 0 = -4. Let x(v) = -7*v**3 - v**2. What is x(t)?
-8
Let a(m) be the third derivative of -1/12*m**4 + 0 - 7*m**2 + 1/3*m**3 + 0*m. What is a(5)?
-8
Let v(j) = -6*j - 1. Let g(m) = 3*m. Let y = 11 + -16. Let w(o) = y*g(o) - 3*v(o). What is w(-2)?
-3
Let v(k) = -k + 3. Let s be v(2). Let a = s - 1. Let f(j) = j**2 - j + 4. What is f(a)?
4
Let r = -4 + 5. Let o be r*(0 + 1) + 1. Let i(h) = 9*h + 3 - 2*h**3 - 1 + h**o - 8*h. What is i(2)?
-8
Suppose 23 = -a - 5*t, 2*t + 2 = 3*a - a. Let x(n) = n**3 + 6*n**2 - 1. Let i(g) = g**2 - g + 1. Let v(w) = -i(w) + x(w). Give v(a).
13
Let o(z) = 6*z. Let l(t) = -t. Let m(a) = -5*l(a) - o(a). Suppose -i = 4*j - 5*i - 32, -2*j + 7 = i. What is m(j)?
-5
Let n be ((-4)/14)/(8/(-28)). Let z(f) = -f**3 + 3*f**2 - f. What is z(n)?
1
Let i(h) = h + 2. Suppose -5*t = 28 + 7. What is i(t)?
-5
Let m be 2 + -1 + (-16)/2. Let k(j) = 5 + 7 - 4 - 2 - 6*j**2 - j**3 + 8*j. Determine k(m).
-1
Let u(b) be the first derivative of b**2/2 - 5*b + 1. Suppose 2*k + 0*k = 30. Let s be 6/k + (-2)/5. Determine u(s).
-5
Let v(q) = 4*q + 6. Let y(c) = -c. Let g(i) = -v(i) - 5*y(i). Suppose 5*m - 22 = 63. Let t = m + -12. What is g(t)?
-1
Let g(c) = 0*c - c**3 - c + 3*c**2 - 3*c + 1. Suppose -4*s = -4 - 8. Give g(s).
-11
Let p(y) be the second derivative of -y**5/20 + y**4/3 + y**3/3 + 2*y**2 + 6*y. Suppose -3*q + 3 = 9, 0 = -4*a - 3*q + 14. What is p(a)?
-11
Let q(w) = -w**3 - 2*w**2 - 3. Let x(p) = -4*p**2 + 3*p**2 - 30 - p + 31. Let g(k) = -q(k) - 3*x(k). Let v(c) = -c**3 + 3*c - 2. Let r be v(2). Give g(r).
4
Let l(j) = 11*j**2 - 4*j - 15. Let s(r) = 5*r**2 - 2*r - 7. Let t(d) = 6*l(d) - 13*s(d). What is t(-3)?
4
Suppose y - 5*a = -4 - 10, 0 = -3*y - 4*a + 15. Suppose 0 = -f + 4, -4*b + 5*f - 6 = 6. Let c(o) = 4 - o + 0*o + 2*o - o**b - 3. Give c(y).
1
Let o(d) = d**3 - 3*d**2 - 2*d - 1. Let a be (-4)/1 - (-5 - 1). Suppose v = -4*l + 14, 2 = a*l - 0*l - 2*v. Calculate o(l).
-7
Let o(m) = m**3 - 3*m**2 - 6*m + 5. Let r(u) = 0 - 2*u**2 - 2*u + u**2 - 7*u - 4. Suppose -4*z - 23 = 9. Let b be r(z). What is o(b)?
-3
Let y(p) be the first derivative of -p**4/4 + p**3/3 + p**2/2 - 3*p - 2. Let u(j) = -j**3 + 7*j**2 + 9*j - 8. Let f be u(8). Determine y(f).
-3
Let l be 3/(-3 - 0)*-11. Suppose -3*q + l = 5*x, -13 = -x - 3*x - q. Suppose 3 = 5*s - x*s, 5*s - 17 = -g. Let i(u) = 2*u**2 + u - 1. What is i(g)?
9
Let r(l) = 7*l**2 - 4*l - 3. Let c(o) = -o**2 + 17*o - 11. Let b be c(16). Let z(a) = 8*a**2 - 4*a - 3. Let k(h) = b*r(h) - 4*z(h). Determine k(-2).
17
Let o(k) = -k - 3. Let b be o(4). Let a = b + 4. Let d(p) = 20*p**2 + 9*p. Let x(y) = -7*y**2 - 3*y. Let c(s) = 6*d(s) + 17*x(s). Calculate c(a).
0
Let q(b) = 4*b**2 - 3*b + 7. Let a(l) = -5*l**2 + 3*l - 8. Let o(x) = 3*a(x) + 4*q(x). Let p be (-4)/((-6)/3) - 8. Let t = -3 - p. What is o(t)?
4
Let z(o) = -2*o - 7. Suppose -3*c + 10 = -8. Let a be -4 + c + 2 + -1. Suppose 0 = -a*w - 13 - 2. What is z(w)?
3
Let m(q) = q + 1. Let s(b) = -4*b - 3. Let i(t) = -6*m(t) - s(t). Give i(-2).
1
Suppose 0*a - 4*a + 16 = 0. Let m(p) be the first derivative of -a - 1/3*p**3 + 2*p + 3/2*p**2. Give m(-2).
-8
Suppose -5*w + 43 = -2. Let o be 1/(3/w - 0). Let y(l) = -1 + 4*l**o + 1 + l - l**2. Determine y(1).
4
Let d(k) = -2*k**2 + 9*k + 5. Let b(z) = z**2 - z. Let f(v) = 3*b(v) + d(v). Calculate f(-5).
0
Let p(v) = -5*v**2 + 2*v + 1. Suppose 0 = 4*g + 5*c + 9, -4 = 6*g - g - c. Let n(o) = -o**2 - o + 1. Let y(r) = g*p(r) + 3*n(r). Calculate y(3).
5
Let a(i) = i**3 - 2*i**2 - 2*i - 3. Let r(v) = v**2 + 8*v + 3. Suppose 7*l + 48 = l. Let z be r(l). Calculate a(z).
0
Let n(x) be the first derivative of x**3/3 + x**2/2 + 1. Suppose -2*o = -5*w - 3, 3 = o - 2*w + 2. Let u be (o + 1)*-1*1. Determine n(u).
0
Let q(w) = w - 3. Let a = -4 + 1. Let b be (-7 + 1)/(3/a). Let d = b + -3. What is q(d)?
0
Let f(w) be the third derivative of w**8/20160 + w**7/2520 + w**6/144 + w**5/20 + w**2. Let x(c) be the third derivative of f(c). Give x(-4).
13
Let c(v) = 2*v**2 + 6*v - 3. Let j = -2 + -3. Let m(b) = -b**2 - 3*b + 1. Let t(k) = j*m(k) - 3*c(k). Calculate t(-3).
4
Let r be 1/(-4) + 107/(-4). Let u be r/21 - (-2)/7. Let l(p) = -p - 1. Let o(q) = -1. Let w(m) = -5*l(m) + 6*o(m). Calculate w(u).
-6
Let v be (-4)/10 + (3 - 6/10). Let x(u) = -u**2 - 2 + 3*u**2 + 2*u**3 - 3*u**3 + u. Give x(v).
0
Let q(v) = v**2 + 1. Let h(p) = -p**3 - p**2 + 6*p - 1. Let g(a) = -h(a) - 6*q(a). What is g(6)?
-5
Let h = 7 - 11. Let d(x) = -x - 4. Let g be d(h). Let r(z) = g*z + 5 - 4 - 2*z**2 + 9*z**3 - 2 + 2*z. What is r(1)?
8
Let k be (-3 + (-3 - 0))/(-2). Let n(a) = 10*a - a**3 - 5*a**2 - 3*a - k + 3 - 7. Give n(-6).
-13
Suppose -2*c + 0 = 12. Let s(o) = 3*o**2 + 4*o + 3. Let x(l) = -10*l**2 - 11*l - 8. Let f(v) = -7*s(v) - 2*x(v). What is f(c)?
-5
Let s(u) be the first derivative of 5*u**2/2 - u + 2. Calculate s(1).
4
Let c(j) = j**3 + 3*j**2 - 3*j + 5. Let a = 1 - 5. Calculate c(a).
1
Let j(u) = -u + 1. Let x be (4/6)/((-24)/(-180)). Calculate j(x).
-4
Let q(x) = 7 + x**3 - x - 3*x**2 + 2*x - 4. Let f(m) = -m**2 - m. Let a be f(0). Suppose -2*h - 1 = t, 5*t + a*h - 2*h - 19 = 0. What is q(t)?
6
Let k(w) = w - 3. Let c(d) = d + 14. Let x be c(-10). Determine k(x).
1
Let v = -5 + 8. Suppose 5*o - 16 = v*l - 5, 2*l - 5*o = -14. Let g(u) = -2 + u + 1 + u + 6*u**l. Calculate g(1).
7
Let q = -5 - -5. Let k(l) be the third derivative of -l**6/120 + l**5/60 + l**4/24 + 5*l**3/3 + 17*l**2. Calculate k(q).
10
Let q be (-9)/(-4) - 2/8. Let c(l) = 9*l**q - l**3 + 4 - 32*l - 2*l**2 + 25*l. Give c(6).
-2
Suppose 0*k + 10 = 2*u + 3*k, k = u. Let t(w) = w**u + w**3 + 0*w**2 + 0*w**3 - 2. Determine t(0).
-2
Let i be 1*10/(-15)*3/2. Let h(x) = -11*x**2 + 1. Calculate h(i).
-10
Let o = -10 - -13. Let f(p) = -p**3 + 3*p**2 + 4*p - 3. What is f(o)?
9
Let m(n) = -3*n**2 - 3*n - 2. Let s(g) = 2*g**2 + 2*g + 1. Let w(y) = -3*m(y) - 5*s(y). Determine w(2).
-5
Let t(q) = 3*q**2 + 0*q**2 - 4*q**2 + 1 + 2*q**2 - 2*q. Calculate t(3).
4
Let q(o) = -4*o - 6. Let u(a) = 12*a + 17. Let k(g) = -11*q(g) - 4*u(g). Suppose 1 = -6*c - 11. Calculate k(c).
6
Let z(y) be the third derivative of 6*y**2 + 1/6*y**4 + 0 + 0*y + 1/60*y**5 - 1/2*y**3. Calculate z(-4).
-3
Let f(m) = -4*m + 1. Let r be f(1). Let c(y) = -y**2 + 0*y + 0 - 2 - 5*y. Give c(r).
4
Let x be 0 + 1*5/(-10)*-4. Let v(m) = -4*m + 2. Calculate v(x).
-6
Let f(k) = -k**3 - 5*k + 3*k + k**2 - 3 + 0 + 3*k. Determine f(0).
-3
Let f(d) be the first derivative of -d**5/60 - 7*d**4/24 + d**3/6 + d**2 - 3. Let y(b) be the second derivative of f(b). Calculate y(-6).
7
Let x(b) = b**2 - 8*b + 7. Suppose -q - 4*j + 14 = -5, -j = 2*q - 17. Calculate x(q).
0
Let c(d) = 9*d**2 + 3*d + 7. Suppose 0 = -2*q - 3*q + 10. Suppose 0*i - 8 = q*i. Let l(n) = -5*n**2 - n - 4. Let o(v) = i*c(v) - 7*l(v). Calculate o(-5).
0
Let b(h) = h - 5. Let z = 46 + -40. What is b(z)?
1
Let x(c) be the second derivative of -c**6/360 + c**5/40 - c**4/12 + 6*c. Let b(m) be the third derivative of x(m). What is b(3)?
-3
Let a(b) = 0 - 13*b**3 + 21*b**3 - 7*b**3 + 3 + 6*b**2. Calculate a(-6).
3
Let x(q) = 3*q - q + 4 + q**2 + 2*q + 4*q. Determine x(-8).
4
Let q(f) = 7*f**2 - 9*f - 10. Let k(d) = 12*d**2 - 17*d - 20. Let g(x) = 3*k(x) - 5*q(x). Give g(8).
6
Let a(s) = -6*s**2 - s - 5. Let j(w) = 12*w**2 + 2*w + 11. Let u(i) = -13*a(i) - 6*j(i). Suppose -12 = -2*v - 2. Suppose v*m - 2*m - 3 = 0. Determine u(m).
6
Let s(z) = 3*z + 5 - 2*z - 4. Let t(m) = m**3 + m**2 - 2*m - 4. Let n be t(-2). Give s(n).
-3
Let n = 4 + 0. Suppose -n*g + g + 3 = 0. Let d(m) = -m**2 - 114*m - 3 + 4 + 113*m. Determine d(g).
-1
Let m(g) = 4*g + 8 - 6 - 15 - 3*g. What is m(0)?
-13
Let w be -4 + (10 - 1)/3. Let d(o) = 2*o**2 - o. Let g be d